{"id":15067,"date":"2026-04-22T15:45:20","date_gmt":"2026-04-22T13:45:20","guid":{"rendered":"https:\/\/cappellamediterranea.com\/support-us-2\/our-projects\/"},"modified":"2026-04-28T12:25:54","modified_gmt":"2026-04-28T10:25:54","slug":"our-projects","status":"publish","type":"page","link":"https:\/\/cappellamediterranea.com\/en\/support-us-2\/our-projects\/","title":{"rendered":"Our projects"},"content":{"rendered":"    \n                    <section class=\"container titre-simple\">\n                <h1>SUPPORT CAPPELLA MEDITERRANEA<\/h1>\n            <\/section>\n        \n    \n\n\n<p>Supporting Cappella Mediterranea means helping to bring to life a challenging and vibrant artistic project.<\/p>\n\n\n\n<p>Thanks to the commitment of its patrons, the ensemble brings to life opera productions and concert programmes that give a new voice to works that are sometimes overlooked, whilst offering a bold interpretation of the great classical repertoire. This support, which is essential to the ensemble\u2019s activities, enables it to present its projects on international stages, bringing them closer to audiences, and to foster connections through outreach and engagement initiatives. <\/p>\n\n\n\n<p>By supporting Cappella Mediterranea, patrons contribute to the commitment to excellence, exploration and openness championed by its founding conductor, Leonardo Garc\u00eda-Alarc\u00f3n.<\/p>\n\n\n\n    <a class=\"redirection-link\" href=\"https:\/\/cappellamediterranea.com\/en\/support-us-2\/they-support-us\/\" target=\"_blank\">\n        They support us        <i class=\"icon-arrow-medium\"><\/i>\n    <\/a>\n\n\n\n\n<section class=\"container show-projects\">\n\n    <div class=\"list-projects-publish-futures\">\n\n                <div class=\"content-title\">\n            <h2>Projets \u00e0 venir<\/h2>\n            <!-- <a href=\"\">VOIR TOUT<\/a> -->\n            <div class=\"content-nav-slide\">\n                <div class=\"btn-show-projects swiper-list-projects-button-prev\"><\/div>\n                <div class=\"btn-show-projects swiper-list-projects-button-next\"><\/div>\n            <\/div>\n        <\/div>\n        \n                    <div class=\"swiper-list-projects\">\n                <div class=\"swiper-wrapper\">\n                            <a class=\"swiper-slide\" href=\"https:\/\/cappellamediterranea.com\/en\/?post_type=post-nos-projets&#038;p=14782\">\n            <img loading=\"lazy\" decoding=\"async\" width=\"1995\" height=\"1118\" src=\"https:\/\/cappellamediterranea.com\/wp-content\/uploads\/11122024_Roma_VersaillesFrancois-de-Maleissye-Cappella-Mediterranea_DSC03228-copie.jpg\" class=\"attachment-post-thumbnail size-post-thumbnail wp-post-image\" alt=\"\" srcset=\"https:\/\/cappellamediterranea.com\/wp-content\/uploads\/11122024_Roma_VersaillesFrancois-de-Maleissye-Cappella-Mediterranea_DSC03228-copie.jpg 1995w, https:\/\/cappellamediterranea.com\/wp-content\/uploads\/11122024_Roma_VersaillesFrancois-de-Maleissye-Cappella-Mediterranea_DSC03228-copie-300x168.jpg 300w, https:\/\/cappellamediterranea.com\/wp-content\/uploads\/11122024_Roma_VersaillesFrancois-de-Maleissye-Cappella-Mediterranea_DSC03228-copie-1024x574.jpg 1024w, https:\/\/cappellamediterranea.com\/wp-content\/uploads\/11122024_Roma_VersaillesFrancois-de-Maleissye-Cappella-Mediterranea_DSC03228-copie-768x430.jpg 768w, https:\/\/cappellamediterranea.com\/wp-content\/uploads\/11122024_Roma_VersaillesFrancois-de-Maleissye-Cappella-Mediterranea_DSC03228-copie-1536x861.jpg 1536w\" sizes=\"auto, (max-width: 1995px) 100vw, 1995px\" \/>            <h3>Tourn\u00e9e de l&#8217;Oratorio de No\u00ebl<\/h3>\n            <p>Cappella Mediterranea poursuit son d\u00e9veloppement artistique avec en d\u00e9cembre 2026 la tourn\u00e9e europ\u00e9enne de l\u2019Oratorio de No\u00ebl de Johann Sebastian Bach. En accompagnant ce projet, vous contribuez directement \u00e0 la diffusion d\u2019un grand r\u00e9pertoire et au rayonnement de Cappella Mediterranea sur la sc\u00e8ne europ\u00e9enne !<\/p>\n            <span class=\"link-more\">D\u00e9couvrir <i class=\"icon-arrow-medium\"><\/i><\/span>\n        <\/a>\n                        <\/div>\n            <\/div>\n\n                <\/div>\n\n    <div class=\"list-projects-passed\">\n\n                <div class=\"content-title\">\n            <h2>Projets pass\u00e9s<\/h2>\n            <!-- <a href=\"\">VOIR TOUT<\/a> -->\n            <div class=\"content-nav-slide\">\n                <div class=\"btn-show-projects swiper-list-projects-button-prev\"><\/div>\n                <div class=\"btn-show-projects swiper-list-projects-button-next\"><\/div>\n            <\/div>\n        <\/div>\n        \n                    <div class=\"swiper-list-projects\">\n                <div class=\"swiper-wrapper\">\n                            <a class=\"swiper-slide\" href=\"https:\/\/cappellamediterranea.com\/en\/nos-projets\/20-ans-ensemble\/\">\n            <img loading=\"lazy\" decoding=\"async\" width=\"2000\" height=\"1022\" src=\"https:\/\/cappellamediterranea.com\/wp-content\/uploads\/19092025_Expo20ans_Ambronay_cFrancois-de-Maleissye-Cappella-Mediterranea_DSC00204.jpg\" class=\"attachment-post-thumbnail size-post-thumbnail wp-post-image\" alt=\"\" srcset=\"https:\/\/cappellamediterranea.com\/wp-content\/uploads\/19092025_Expo20ans_Ambronay_cFrancois-de-Maleissye-Cappella-Mediterranea_DSC00204.jpg 2000w, https:\/\/cappellamediterranea.com\/wp-content\/uploads\/19092025_Expo20ans_Ambronay_cFrancois-de-Maleissye-Cappella-Mediterranea_DSC00204-300x153.jpg 300w, https:\/\/cappellamediterranea.com\/wp-content\/uploads\/19092025_Expo20ans_Ambronay_cFrancois-de-Maleissye-Cappella-Mediterranea_DSC00204-1024x523.jpg 1024w, https:\/\/cappellamediterranea.com\/wp-content\/uploads\/19092025_Expo20ans_Ambronay_cFrancois-de-Maleissye-Cappella-Mediterranea_DSC00204-768x392.jpg 768w, https:\/\/cappellamediterranea.com\/wp-content\/uploads\/19092025_Expo20ans_Ambronay_cFrancois-de-Maleissye-Cappella-Mediterranea_DSC00204-1536x785.jpg 1536w\" sizes=\"auto, (max-width: 2000px) 100vw, 2000px\" \/>            <h3>20 ans \u2014 Ensemble<\/h3>\n            <p>Pour c\u00e9l\u00e9brer les 20 ans de Cappella Mediterranea, nous avons imagin\u00e9 une\u00a0exposition itin\u00e9rante et digitale qui a accompagn\u00e9 notre saison 2025-2026 dans les lieux embl\u00e9matiques ayant marqu\u00e9 notre parcours.<\/p>\n            <span class=\"link-more\">D\u00e9couvrir <i class=\"icon-arrow-medium\"><\/i><\/span>\n        <\/a>\n                <a class=\"swiper-slide\" href=\"https:\/\/cappellamediterranea.com\/en\/nos-projets\/acquisition-dune-contrebasse-demontable\/\">\n            <img loading=\"lazy\" decoding=\"async\" width=\"1500\" height=\"1694\" src=\"https:\/\/cappellamediterranea.com\/wp-content\/uploads\/19092025_AcisGalatea_Ambronay_cFrancois-de-Maleissye-Cappella-Mediterranea_DSC00490-1.jpg\" class=\"attachment-post-thumbnail size-post-thumbnail wp-post-image\" alt=\"\" srcset=\"https:\/\/cappellamediterranea.com\/wp-content\/uploads\/19092025_AcisGalatea_Ambronay_cFrancois-de-Maleissye-Cappella-Mediterranea_DSC00490-1.jpg 1500w, https:\/\/cappellamediterranea.com\/wp-content\/uploads\/19092025_AcisGalatea_Ambronay_cFrancois-de-Maleissye-Cappella-Mediterranea_DSC00490-1-266x300.jpg 266w, https:\/\/cappellamediterranea.com\/wp-content\/uploads\/19092025_AcisGalatea_Ambronay_cFrancois-de-Maleissye-Cappella-Mediterranea_DSC00490-1-907x1024.jpg 907w, https:\/\/cappellamediterranea.com\/wp-content\/uploads\/19092025_AcisGalatea_Ambronay_cFrancois-de-Maleissye-Cappella-Mediterranea_DSC00490-1-768x867.jpg 768w, https:\/\/cappellamediterranea.com\/wp-content\/uploads\/19092025_AcisGalatea_Ambronay_cFrancois-de-Maleissye-Cappella-Mediterranea_DSC00490-1-1360x1536.jpg 1360w\" sizes=\"auto, (max-width: 1500px) 100vw, 1500px\" \/>            <h3>Contrebasse d\u00e9montable<\/h3>\n            <p>Gr\u00e2ce \u00e0 ses g\u00e9n\u00e9reux m\u00e9c\u00e8nes, Cappella Mediterranea a fait l&#8217;acquisition d&#8217;une contrebasse d\u00e9montable, bien plus facile \u00e0 transporter par avion et par train, construite par le luthier Richard Gonon \u00e0 partir d&#8217;une table et d&#8217;un fond de caisse du 19e si\u00e8cle.<\/p>\n            <span class=\"link-more\">D\u00e9couvrir <i class=\"icon-arrow-medium\"><\/i><\/span>\n        <\/a>\n                <a class=\"swiper-slide\" href=\"https:\/\/cappellamediterranea.com\/en\/nos-projets\/clavecin-kennedy\/\">\n            <img loading=\"lazy\" decoding=\"async\" width=\"2000\" height=\"1231\" src=\"https:\/\/cappellamediterranea.com\/wp-content\/uploads\/15092024_Inauguration-Grange-Olliet-Francois-de-Maleissye-Cappella-Mediterranea_DSC09725.jpg\" class=\"attachment-post-thumbnail size-post-thumbnail wp-post-image\" alt=\"\" srcset=\"https:\/\/cappellamediterranea.com\/wp-content\/uploads\/15092024_Inauguration-Grange-Olliet-Francois-de-Maleissye-Cappella-Mediterranea_DSC09725.jpg 2000w, https:\/\/cappellamediterranea.com\/wp-content\/uploads\/15092024_Inauguration-Grange-Olliet-Francois-de-Maleissye-Cappella-Mediterranea_DSC09725-300x185.jpg 300w, https:\/\/cappellamediterranea.com\/wp-content\/uploads\/15092024_Inauguration-Grange-Olliet-Francois-de-Maleissye-Cappella-Mediterranea_DSC09725-1024x630.jpg 1024w, https:\/\/cappellamediterranea.com\/wp-content\/uploads\/15092024_Inauguration-Grange-Olliet-Francois-de-Maleissye-Cappella-Mediterranea_DSC09725-768x473.jpg 768w, https:\/\/cappellamediterranea.com\/wp-content\/uploads\/15092024_Inauguration-Grange-Olliet-Francois-de-Maleissye-Cappella-Mediterranea_DSC09725-1536x945.jpg 1536w\" sizes=\"auto, (max-width: 2000px) 100vw, 2000px\" \/>            <h3>Clavecin Kennedy<\/h3>\n            <p>En 2024, une collecte fut initi\u00e9e afin de doter le parc instrumental de Cappella Mediterranea d&#8217;un clavecin Bruce Kennedy. La fin de la collecte fut c\u00e9l\u00e9br\u00e9e avec l&#8217;inauguration du nouveau si\u00e8ge social de Cappella Mediterranea \u00e0 Olliet, o\u00f9 le clavecin est conserv\u00e9.<\/p>\n            <span class=\"link-more\">D\u00e9couvrir <i class=\"icon-arrow-medium\"><\/i><\/span>\n        <\/a>\n                <a class=\"swiper-slide\" href=\"https:\/\/cappellamediterranea.com\/en\/nos-projets\/cappella-mediterranea-au-teatro-colon\/\">\n            <img loading=\"lazy\" decoding=\"async\" width=\"2000\" height=\"1335\" src=\"https:\/\/cappellamediterranea.com\/wp-content\/uploads\/APS_L1190049-2.jpg\" class=\"attachment-post-thumbnail size-post-thumbnail wp-post-image\" alt=\"\" srcset=\"https:\/\/cappellamediterranea.com\/wp-content\/uploads\/APS_L1190049-2.jpg 2000w, https:\/\/cappellamediterranea.com\/wp-content\/uploads\/APS_L1190049-2-300x200.jpg 300w, https:\/\/cappellamediterranea.com\/wp-content\/uploads\/APS_L1190049-2-1024x684.jpg 1024w, https:\/\/cappellamediterranea.com\/wp-content\/uploads\/APS_L1190049-2-768x513.jpg 768w, https:\/\/cappellamediterranea.com\/wp-content\/uploads\/APS_L1190049-2-1536x1025.jpg 1536w\" sizes=\"auto, (max-width: 2000px) 100vw, 2000px\" \/>            <h3>Cappella Mediterranea au Teatro Col\u00f3n<\/h3>\n            <p>Le 27 novembre 2023, Cappella Mediterranea revenait avec Les 7 p\u00e9ch\u00e9s capitaux de Monteverdi au Teatro Col\u00f3n de Buenos Aires\u2009! Un voyage longuement pr\u00e9par\u00e9 avec un comit\u00e9 de soutien tr\u00e8s actif et de nombreux contacts institutionnels.<\/p>\n            <span class=\"link-more\">D\u00e9couvrir <i class=\"icon-arrow-medium\"><\/i><\/span>\n        <\/a>\n                        <\/div>\n            <\/div>\n                <\/div>\n\n<\/section>\n","protected":false},"excerpt":{"rendered":"Supporting Cappella Mediterranea means helping to bring to life a challenging and vibrant artistic project. Thanks to the commitment of its patrons, the ensemble brings to life opera productions and concert programmes that give a new voice to works that are sometimes overlooked, whilst offering a bold interpretation of the great classical repertoire. This support, [&hellip;]","protected":false},"author":1,"featured_media":0,"parent":15044,"menu_order":0,"comment_status":"closed","ping_status":"closed","template":"model-nous-soutenir.php","meta":{"_acf_changed":false,"footnotes":""},"class_list":["post-15067","page","type-page","status-publish","hentry"],"acf":[],"_links":{"self":[{"href":"https:\/\/cappellamediterranea.com\/en\/wp-json\/wp\/v2\/pages\/15067","targetHints":{"allow":["GET"]}}],"collection":[{"href":"https:\/\/cappellamediterranea.com\/en\/wp-json\/wp\/v2\/pages"}],"about":[{"href":"https:\/\/cappellamediterranea.com\/en\/wp-json\/wp\/v2\/types\/page"}],"author":[{"embeddable":true,"href":"https:\/\/cappellamediterranea.com\/en\/wp-json\/wp\/v2\/users\/1"}],"replies":[{"embeddable":true,"href":"https:\/\/cappellamediterranea.com\/en\/wp-json\/wp\/v2\/comments?post=15067"}],"version-history":[{"count":2,"href":"https:\/\/cappellamediterranea.com\/en\/wp-json\/wp\/v2\/pages\/15067\/revisions"}],"predecessor-version":[{"id":15069,"href":"https:\/\/cappellamediterranea.com\/en\/wp-json\/wp\/v2\/pages\/15067\/revisions\/15069"}],"up":[{"embeddable":true,"href":"https:\/\/cappellamediterranea.com\/en\/wp-json\/wp\/v2\/pages\/15044"}],"wp:attachment":[{"href":"https:\/\/cappellamediterranea.com\/en\/wp-json\/wp\/v2\/media?parent=15067"}],"curies":[{"name":"wp","href":"https:\/\/api.w.org\/{rel}","templated":true}]}}

<section class="container titre-simple">
                <h1>SUPPORT CAPPELLA MEDITERRANEA</h1>
            </section>
        
    


<p>Supporting Cappella Mediterranea means helping to bring to life a challenging and vibrant artistic project.</p>



<p>Thanks to the commitment of its patrons, the ensemble brings to life opera productions and concert programmes that give a new voice to works that are sometimes overlooked, whilst offering a bold interpretation of the great classical repertoire. This support, which is essential to the ensemble’s activities, enables it to present its projects on international stages, bringing them closer to audiences, and to foster connections through outreach and engagement initiatives. </p>



<p>By supporting Cappella Mediterranea, patrons contribute to the commitment to excellence, exploration and openness championed by its founding conductor, Leonardo García-Alarcón.</p>



    <a class="redirection-link" href="https://cappellamediterranea.com/en/support-us-2/they-support-us/" target="_blank">
        They support us        <i class="icon-arrow-medium"></i>
    </a>




<section class="container show-projects">

    <div class="list-projects-publish-futures">

                <div class="content-title">
            <h2>Projets à venir</h2>
            <!-- <a href="">VOIR TOUT</a> -->
            <div class="content-nav-slide">
                <div class="btn-show-projects swiper-list-projects-button-prev"></div>
                <div class="btn-show-projects swiper-list-projects-button-next"></div>
            </div>
        </div>
        
                    <div class="swiper-list-projects">
                <div class="swiper-wrapper">
                            <a class="swiper-slide" href="https://cappellamediterranea.com/en/?post_type=post-nos-projets&#038;p=14782">
            <img loading="lazy" decoding="async" width="1995" height="1118" src="https://cappellamediterranea.com/wp-content/uploads/11122024_Roma_VersaillesFrancois-de-Maleissye-Cappella-Mediterranea_DSC03228-copie.jpg" class="attachment-post-thumbnail size-post-thumbnail wp-post-image" alt="" srcset="https://cappellamediterranea.com/wp-content/uploads/11122024_Roma_VersaillesFrancois-de-Maleissye-Cappella-Mediterranea_DSC03228-copie.jpg 1995w, https://cappellamediterranea.com/wp-content/uploads/11122024_Roma_VersaillesFrancois-de-Maleissye-Cappella-Mediterranea_DSC03228-copie-300x168.jpg 300w, https://cappellamediterranea.com/wp-content/uploads/11122024_Roma_VersaillesFrancois-de-Maleissye-Cappella-Mediterranea_DSC03228-copie-1024x574.jpg 1024w, https://cappellamediterranea.com/wp-content/uploads/11122024_Roma_VersaillesFrancois-de-Maleissye-Cappella-Mediterranea_DSC03228-copie-768x430.jpg 768w, https://cappellamediterranea.com/wp-content/uploads/11122024_Roma_VersaillesFrancois-de-Maleissye-Cappella-Mediterranea_DSC03228-copie-1536x861.jpg 1536w" sizes="auto, (max-width: 1995px) 100vw, 1995px" />            <h3>Tournée de l&#8217;Oratorio de Noël</h3>
            <p>Cappella Mediterranea poursuit son développement artistique avec en décembre 2026 la tournée européenne de l’Oratorio de Noël de Johann Sebastian Bach. En accompagnant ce projet, vous contribuez directement à la diffusion d’un grand répertoire et au rayonnement de Cappella Mediterranea sur la scène européenne !</p>
            <span class="link-more">Découvrir <i class="icon-arrow-medium"></i></span>
        </a>
                        </div>
            </div>

                </div>

    <div class="list-projects-passed">

                <div class="content-title">
            <h2>Projets passés</h2>
            <!-- <a href="">VOIR TOUT</a> -->
            <div class="content-nav-slide">
                <div class="btn-show-projects swiper-list-projects-button-prev"></div>
                <div class="btn-show-projects swiper-list-projects-button-next"></div>
            </div>
        </div>
        
                    <div class="swiper-list-projects">
                <div class="swiper-wrapper">
                            <a class="swiper-slide" href="https://cappellamediterranea.com/en/nos-projets/20-ans-ensemble/">
            <img loading="lazy" decoding="async" width="2000" height="1022" src="https://cappellamediterranea.com/wp-content/uploads/19092025_Expo20ans_Ambronay_cFrancois-de-Maleissye-Cappella-Mediterranea_DSC00204.jpg" class="attachment-post-thumbnail size-post-thumbnail wp-post-image" alt="" srcset="https://cappellamediterranea.com/wp-content/uploads/19092025_Expo20ans_Ambronay_cFrancois-de-Maleissye-Cappella-Mediterranea_DSC00204.jpg 2000w, https://cappellamediterranea.com/wp-content/uploads/19092025_Expo20ans_Ambronay_cFrancois-de-Maleissye-Cappella-Mediterranea_DSC00204-300x153.jpg 300w, https://cappellamediterranea.com/wp-content/uploads/19092025_Expo20ans_Ambronay_cFrancois-de-Maleissye-Cappella-Mediterranea_DSC00204-1024x523.jpg 1024w, https://cappellamediterranea.com/wp-content/uploads/19092025_Expo20ans_Ambronay_cFrancois-de-Maleissye-Cappella-Mediterranea_DSC00204-768x392.jpg 768w, https://cappellamediterranea.com/wp-content/uploads/19092025_Expo20ans_Ambronay_cFrancois-de-Maleissye-Cappella-Mediterranea_DSC00204-1536x785.jpg 1536w" sizes="auto, (max-width: 2000px) 100vw, 2000px" />            <h3>20 ans — Ensemble</h3>
            <p>Pour célébrer les 20 ans de Cappella Mediterranea, nous avons imaginé une exposition itinérante et digitale qui a accompagné notre saison 2025-2026 dans les lieux emblématiques ayant marqué notre parcours.</p>
            <span class="link-more">Découvrir <i class="icon-arrow-medium"></i></span>
        </a>
                <a class="swiper-slide" href="https://cappellamediterranea.com/en/nos-projets/acquisition-dune-contrebasse-demontable/">
            <img loading="lazy" decoding="async" width="1500" height="1694" src="https://cappellamediterranea.com/wp-content/uploads/19092025_AcisGalatea_Ambronay_cFrancois-de-Maleissye-Cappella-Mediterranea_DSC00490-1.jpg" class="attachment-post-thumbnail size-post-thumbnail wp-post-image" alt="" srcset="https://cappellamediterranea.com/wp-content/uploads/19092025_AcisGalatea_Ambronay_cFrancois-de-Maleissye-Cappella-Mediterranea_DSC00490-1.jpg 1500w, https://cappellamediterranea.com/wp-content/uploads/19092025_AcisGalatea_Ambronay_cFrancois-de-Maleissye-Cappella-Mediterranea_DSC00490-1-266x300.jpg 266w, https://cappellamediterranea.com/wp-content/uploads/19092025_AcisGalatea_Ambronay_cFrancois-de-Maleissye-Cappella-Mediterranea_DSC00490-1-907x1024.jpg 907w, https://cappellamediterranea.com/wp-content/uploads/19092025_AcisGalatea_Ambronay_cFrancois-de-Maleissye-Cappella-Mediterranea_DSC00490-1-768x867.jpg 768w, https://cappellamediterranea.com/wp-content/uploads/19092025_AcisGalatea_Ambronay_cFrancois-de-Maleissye-Cappella-Mediterranea_DSC00490-1-1360x1536.jpg 1360w" sizes="auto, (max-width: 1500px) 100vw, 1500px" />            <h3>Contrebasse démontable</h3>
            <p>Grâce à ses généreux mécènes, Cappella Mediterranea a fait l&#8217;acquisition d&#8217;une contrebasse démontable, bien plus facile à transporter par avion et par train, construite par le luthier Richard Gonon à partir d&#8217;une table et d&#8217;un fond de caisse du 19e siècle.</p>
            <span class="link-more">Découvrir <i class="icon-arrow-medium"></i></span>
        </a>
                <a class="swiper-slide" href="https://cappellamediterranea.com/en/nos-projets/clavecin-kennedy/">
            <img loading="lazy" decoding="async" width="2000" height="1231" src="https://cappellamediterranea.com/wp-content/uploads/15092024_Inauguration-Grange-Olliet-Francois-de-Maleissye-Cappella-Mediterranea_DSC09725.jpg" class="attachment-post-thumbnail size-post-thumbnail wp-post-image" alt="" srcset="https://cappellamediterranea.com/wp-content/uploads/15092024_Inauguration-Grange-Olliet-Francois-de-Maleissye-Cappella-Mediterranea_DSC09725.jpg 2000w, https://cappellamediterranea.com/wp-content/uploads/15092024_Inauguration-Grange-Olliet-Francois-de-Maleissye-Cappella-Mediterranea_DSC09725-300x185.jpg 300w, https://cappellamediterranea.com/wp-content/uploads/15092024_Inauguration-Grange-Olliet-Francois-de-Maleissye-Cappella-Mediterranea_DSC09725-1024x630.jpg 1024w, https://cappellamediterranea.com/wp-content/uploads/15092024_Inauguration-Grange-Olliet-Francois-de-Maleissye-Cappella-Mediterranea_DSC09725-768x473.jpg 768w, https://cappellamediterranea.com/wp-content/uploads/15092024_Inauguration-Grange-Olliet-Francois-de-Maleissye-Cappella-Mediterranea_DSC09725-1536x945.jpg 1536w" sizes="auto, (max-width: 2000px) 100vw, 2000px" />            <h3>Clavecin Kennedy</h3>
            <p>En 2024, une collecte fut initiée afin de doter le parc instrumental de Cappella Mediterranea d&#8217;un clavecin Bruce Kennedy. La fin de la collecte fut célébrée avec l&#8217;inauguration du nouveau siège social de Cappella Mediterranea à Olliet, où le clavecin est conservé.</p>
            <span class="link-more">Découvrir <i class="icon-arrow-medium"></i></span>
        </a>
                <a class="swiper-slide" href="https://cappellamediterranea.com/en/nos-projets/cappella-mediterranea-au-teatro-colon/">
            <img loading="lazy" decoding="async" width="2000" height="1335" src="https://cappellamediterranea.com/wp-content/uploads/APS_L1190049-2.jpg" class="attachment-post-thumbnail size-post-thumbnail wp-post-image" alt="" srcset="https://cappellamediterranea.com/wp-content/uploads/APS_L1190049-2.jpg 2000w, https://cappellamediterranea.com/wp-content/uploads/APS_L1190049-2-300x200.jpg 300w, https://cappellamediterranea.com/wp-content/uploads/APS_L1190049-2-1024x684.jpg 1024w, https://cappellamediterranea.com/wp-content/uploads/APS_L1190049-2-768x513.jpg 768w, https://cappellamediterranea.com/wp-content/uploads/APS_L1190049-2-1536x1025.jpg 1536w" sizes="auto, (max-width: 2000px) 100vw, 2000px" />            <h3>Cappella Mediterranea au Teatro Colón</h3>
            <p>Le 27 novembre 2023, Cappella Mediterranea revenait avec Les 7 péchés capitaux de Monteverdi au Teatro Colón de Buenos Aires ! Un voyage longuement préparé avec un comité de soutien très actif et de nombreux contacts institutionnels.</p>
            <span class="link-more">Découvrir <i class="icon-arrow-medium"></i></span>
        </a>
                        </div>
            </div>
                </div>

</section>
